 is the ten millions digit of 398315720?
9
What is the ten millions digit of 358289163?
5
What is the ten millions digit of 534188741?
3
What is the units digit of 9425051?
1
What is the hundred millions digit of 113352819?
1
What is the hundred thousands digit of 802339276?
3
What is the thousands digit of 150796876?
6
What is the thousands digit of 4226945853?
5
What is the hundred millions digit of 438475503?
4
What is the tens digit of 3913573618?
1
What is the hundreds digit of 246914785?
7
What is the hundred thousands digit of 11441173?
4
What is the ten millions digit of 1151352046?
5
What is the ten millions digit of 466739057?
6
What is the hundred thousands digit of 114938839?
9
What is the units digit of 124824110?
0
What is the ten millions digit of 13341127?
1
What is the millions digit of 51578866?
1
What is the thousands digit of 80213395?
3
What is the hundred thousands digit of 108684482?
6
What is the units digit of 40435632?
2
What is the units digit of 119813674?
4
What is the millions digit of 78822362?
8
What is the thousands digit of 25441401?
1
What is the thousands digit of 22368576?
8
What is the billions digit of 1476157327?
1
What is the units digit of 2286691233?
3
What is the millions digit of 91969372?
1
What is the hundreds digit of 207451691?
6
What is the ten thousands digit of 754408606?
0
What is the units digit of 47247952?
2
What is the hundred millions digit of 1210081726?
2
What is the millions digit of 262973071?
2
What is the hundred thousands digit of 13199343?
1
What is the ten millions digit of 22119393?
2
What is the hundreds digit of 186606908?
9
What is the billions digit of 1001977082?
1
What is the units digit of 2098646703?
3
What is the units digit of 282799521?
1
What is the ten millions digit of 184881205?
8
What is the ten millions digit of 152252537?
5
What is the thousands digit of 17151559?
1
What is the units digit of 389764657?
7
What is the units digit of 131699523?
3
What is the ten thousands digit of 366723561?
2
What is the units digit of 81658896?
6
What is the ten thousands digit of 4846032552?
3
What is the units digit of 39133224?
4
What is the ten thousands digit of 3731734931?
3
What is the thousands digit of 31830616?
0
What is the billions digit of 1469041263?
1
What is the hundred millions digit of 123821668?
1
What is the ten millions digit of 141892815?
4
What is the billions digit of 1799356701?
1
What is the tens digit of 695734389?
8
What is the ten millions digit of 78957007?
7
What is the hundred thousands digit of 112401270?
4
What is the ten millions digit of 222556781?
2
What is the units digit of 47667699?
9
What is the ten millions digit of 4427686342?
2
What is the thousands digit of 1949193223?
3
What is the ten thousands digit of 71553942?
5
What is the tens digit of 369785151?
5
What is the thousands digit of 1259316048?
6
What is the units digit of 279460927?
7
What is the hundred millions digit of 2216144068?
2
What is the hundreds digit of 167896102?
1
What is the thousands digit of 2359669070?
9
What is the ten thousands digit of 575322000?
2
What is the hundred millions digit of 532872150?
5
What is the ten millions digit of 55932733?
5
What is the thousands digit of 56118040?
8
What is the hundreds digit of 5394137742?
7
What is the thousands digit of 243604283?
4
What is the ten thousands digit of 295700298?
0
What is the thousands digit of 228918172?
8
What is the millions digit of 9151054315?
1
What is the millions digit of 242321033?
2
What is the hundreds digit of 149850726?
7
What is the thousands digit of 4930840?
0
What is the hundred thousands digit of 102048167?
0
What is the ten thousands digit of 77476207?
7
What is the hundred millions digit of 463683937?
4
What is the ten millions digit of 226923902?
2
What is the ten thousands digit of 55022619?
2
What is the tens digit of 82804465?
6
What is the units digit of 76376913?
3
What is the tens digit of 2695371660?
6
What is the hundred thousands digit of 7819995131?
9
What is the millions digit of 797850820?
7
What is the millions digit of 265339287?
5
What is the tens digit of 1323570726?
2
What is the ten thousands digit of 28392733?
9
What is the thousands digit of 37872296?
2
What is the ten thousands digit of 41580247?
8
What is the units digit of 5413746?
6
What is the thousands digit of 22150174?
0
What is the tens digit of 362045929?
2
What is the ten thousands digit of 60411750?
1
What is the hundred thousands digit of 1220358467?
3
What is the hundred thousands digit of 273872133?
8
What is the ten millions digit of 495912317?
9
What is the hundred millions digit of 2495605418?
4
What is the ten thousands digit of 4313989396?
8
What is the hundreds digit of 542396389?
3
What is the hundreds digit of 27887084?
0
What is the tens digit of 3857501382?
8
What is the ten thousands digit of 977642598?
4
What is the hundreds digit of 239466161?
1
What is the ten thousands digit of 7788540714?
4
What is the hundred millions digit of 182353218?
1
What is the units digit of 1267478021?
1
What is the millions digit of 1294893465?
4
What is the millions digit of 350957470?
0
What is the hundreds digit of 20905310?
3
What is the units digit of 5023746132?
2
What is the tens digit of 4724063?
6
What is the ten thousands digit of 5835197689?
9
What is the thousands digit of 283744135?
4
What is the ten thousands digit of 1643861499?
6
What is the ten millions digit of 57666490?
5
What is the ten thousands digit of 295384380?
8
What is the thousands digit of 13932922?
2
What is the tens digit of 252887686?
8
What is the ten millions digit of 41017087?
4
What is the hundred thousands digit of 55583501?
5
What is the units digit of 750349525?
5
What is the ten thousands digit of 416257328?
5
What is the hundreds digit of 1865113278?
2
What is the millions digit of 222960494?
2
What is the ten thousands digit of 113671663?
7
What is the millions digit of 8165868?
8
What is the units digit of 100729078?
8
What is the thousands digit of 704474887?
4
What is the hundred thousands digit of 314472059?
4
What is the millions digit of 45843102?
5
What is the hundred thousands digit of 294113971?
1
What is the ten millions digit of 14219150?
1
What is the ten thousands digit of 349646127?
4
What is the thousands digit of 21553064?
3
What is the ten thousands digit of 67492894?
9
What is the millions digit of 387557695?
7
What is the units digit of 1830614180?
0
What is the millions digit of 147758790?
7
What is the hundred thousands digit of 133740194?
7
What is the ten thousands digit of 258964498?
6
What is the units digit of 9281833774?
4
What is the millions digit of 31972463?
1
What is the hundred millions digit of 2800661337?
8
What is the millions digit of 5668230408?
8
What is the thousands digit of 3105446704?
6
What is the ten millions digit of 1641190540?
4
What is the tens digit of 3588309147?
4
What is the units digit of 361121145?
5
What is the ten millions digit of 527621244?
2
What is the hundred millions digit of 804223708?
8
What is the millions digit of 1923128102?
3
What is the units digit of 706361242?
2
What is the units digit of 360465538?
8
What is the hundreds digit of 30627249?
2
What is the billions digit of 3441527659?
3
What is the hundred thousands digit of 1709704263?
7
What is the tens digit of 14055840?
4
What is the ten millions digit of 133538158?
3
What is the hundred thousands digit of 668935613?
9
What is the ten thousands digit of 1886663611?
6
What is the units digit of 4497675?
5
What is the ten millions digit of 7604674882?
0
What is the ten millions digit of 1815642617?
1
What is the tens digit of 2433511640?
4
What is the units digit of 19229822?
2
What is the units digit of 6971678?
8
What is the millions digit of 104575881?
4
What is the ten millions digit of 236060798?
3
What is the units digit of 332766865?
5
What is the units digit of 1436917765?
5
What is the millions digit of 2108609240?
8
What is the units digit of 181392671?
1
What is the units digit of 197289857?
7
What is the tens digit of 3385982935?
3
What is the millions digit of 711275627?
1
What is the units digit of 314611721?
1
What is the millions digit of 1424678545?
4
What is the ten mi